1)/(-57)). Let j = 67 - 29. Calculate the highest common divisor of j and t.
19
Suppose -2*d = -k - 248, 7*d = 2*d + 2*k + 622. Let j = 172 - 102. Suppose 0 = 11*s - 16*s + j. What is the greatest common divisor of d and s?
14
Let j be 116/(14/(-35)*5/(-4)). Calculate the greatest common factor of j and 29.
29
Suppose i + 3 = 2*t, 0 = -4*t - 0*i - 3*i + 31. Suppose 3*x = -y + 4, 2*x + 11 = -t*y + 47. Calculate the highest common divisor of y and 110.
10
Suppose 4*l - 86 - 50 = 0. Suppose 2*m - l - 20 = 0. Suppose 0 = 4*c - 15 + 3. What is the greatest common divisor of m and c?
3
Suppose -10*h + 12 = -4*h. Let u be (h/(-1 - -3))/(4/100). Suppose 0 = -2*r - 2*r + 800. What is the highest common divisor of r and u?
25
Let q(v) = 10*v**3 - 2*v**2 - 2 + 2 + v. Let t = -23 - -24. Let h be q(t). Calculate the highest common factor of 45 and h.
9
Suppose 72 - 232 = 4*d. Let u = -32 - d. Suppose -m + 0*m + 12 = 0. Calculate the greatest common divisor of m and u.
4
Suppose -2*f - 30 = -4*f + 3*l, 5*f + 2*l - 94 = 0. Let q be 18/63*(5 - -2). Calculate the highest common divisor of q and f.
2
Let j(p) = p**3 - 11*p**2 - 19*p + 19. Let b be j(12). Let d = -60 - b. What is the greatest common factor of 5 and d?
5
Let x = 170 - 7. Suppose 0 = -5*a - 0*a - 15, 2*f = 3*a + x. Calculate the highest common divisor of 7 and f.
7
Suppose -469 - 731 = -20*k. Calculate the greatest common divisor of 165 and k.
15
Let a(p) = -4*p**3 - 4*p**2 + 4. Let y be a(-2). Suppose -n = -76 + y. Calculate the highest common divisor of n and 14.
14
Suppose -59 = -3*d + w, 2*d - 38 = -2*w - 12. What is the greatest common factor of d and 81?
9
Let x = -25 - -52. Suppose -2*r + 10 - 2 = 0. Let q be (((-1)/4 - 1) + 2)*r. Calculate the highest common divisor of x and q.
3
Let u(v) = 7*v**2 + 2*v + 2. Let k be u(-2). Let i(a) = 65*a**3 + a**2 - 2*a + 1. Let z be i(1). What is the highest common divisor of z and k?
13
Suppose 269 = 10*t - 151. Calculate the greatest common divisor of t and 63.
21
Suppose 27 = -3*k + 3*c, -5*c + 15 = -2*k - 4*c. Let u be ((-63)/k)/((-6)/(-12)). What is the highest common factor of u and 7?
7
Suppose -24*q - 1537 = -6697. Calculate the greatest common factor of 86 and q.
43
Let s(o) = o + 10. Let d be s(-11). Let f be -1*((-2)/d + -49). Suppose 169 + f = 3*x. What is the greatest common factor of 9 and x?
9
Let c be ((-8)/(-10))/(2/10). Let m = -29 - -32. Suppose 88 = 5*u - m*u. What is the greatest common factor of u and c?
4
Let o be ((-628)/176 - 4/22)*-132. Calculate the greatest common divisor of 77 and o.
11
Suppose 2*v = -v - 3*d + 951, -5*d - 2510 = -8*v. What is the greatest common divisor of 63 and v?
63
Let m(r) = -r**3 - 2*r**2 + 1. Let d be m(-1). Suppose -5*g - 183 + 703 = d. What is the highest common divisor of g and 13?
13
Let v = -1595 + 1630. Calculate the highest common divisor of v and 315.
35
Suppose 2*u + j = 6*u + 217, -2*u - 106 = 2*j. Suppose -4*f + 470 = f. Let y = u + f. What is the highest common factor of 8 and y?
8
Let r(i) be the first derivative of -2*i**3/3 + 11*i**2/2 - 7*i + 1. Let p be r(8). Let h = p - -155. What is the highest common factor of h and 27?
27
Let p(s) = 23*s**2 - 3*s - 2. Let z be p(-1). What is the greatest common factor of z and 96?
24
Let l be (4 - -2)/((-6)/(-4)). Suppose -3*i - i - 2*b = 670, -l*i - 675 = b. Let a be i/((-2)/(-3 - -4)). What is the greatest common factor of a and 17?
17
Let f(z) = 4*z - z - 4*z + 10. Let m be f(7). Suppose -m*c - 9 = 0, 0 = 2*w - 0*w + c - 15. Calculate the highest common factor of w and 27.
9
Let f be (-3)/((-3)/4*2). Suppose c + 48 = f*c. Suppose 0*t - 2*t + c = 0. Calculate the highest common divisor of 6 and t.
6
Suppose -382 = 14*p - 1950. Calculate the highest common divisor of 308 and p.
28
Let w = 39 - 30. Let a be 218/1*w/18 - -2. Calculate the greatest common divisor of a and 74.
37
Suppose f - 159 = -i, -730 - 55 = -5*i - 3*f. Suppose 4*x + x + 120 = 0. Let l be (-6)/x - (-55)/4. Calculate the highest common factor of i and l.
14
Suppose m = 1 + 1. Suppose 10 + 12 = m*h. Suppose -4*z + 13 = -h. What is the greatest common factor of 15 and z?
3
Let c be 5/10 - 134/(-4). Suppose j = 3*j - c. Let g = 198 + -11. Calculate the greatest common factor of j and g.
17
Let o be (22 - 1)/(9/12). Calculate the highest common divisor of 42 and o.
14
Suppose 300 = -0*m + 5*m + 3*s, 3*s = 2*m - 141. Let p(w) = w - 9. Let y be p(12). Let v be (y + 1 + 3)*1. What is the highest common divisor of m and v?
7
Suppose 26*y + 2970 = 41*y. Calculate the greatest common factor of 891 and y.
99
Let w be 9621 + 4/(16/(-4)). Let u be (-4)/((-16)/w)*-4. Let z be u/(-35) + 2/14. Calculate the greatest common divisor of 25 and z.
25
Let s(u) = -u**3 + 6*u**2 - 4*u - 1. Let w be s(4). Suppose 0 = 174*d - 868 - 3041 - 3051. What is the greatest common divisor of w and d?
5
Suppose -5*h = -12*h + 196. Let j = h + 8. Suppose -4*m - j + 180 = 0. Calculate the highest common divisor of 24 and m.
12
Suppose 4*a + 90 = 2*g - 18, -2*g = a - 83. Let r = 210 + -144. What is the highest common factor of r and g?
22
Let a(s) = 61*s - 1. Let l be a(1). Let r = 105 - l. Calculate the greatest common divisor of 5 and r.
5
Let z be 10/15*15 + -2. Let b = 22 - z. What is the greatest common factor of 35 and b?
7
Let v(z) = -74*z - 804. Let x be v(-18). Calculate the greatest common divisor of 120 and x.
24
Let f be 10583/7 + (-118)/(-826). Calculate the greatest common divisor of 48 and f.
24
Suppose -v + 21 = 19. Let u be (3/v)/((-10)/(-120)). Let q = -29 - -41. Calculate the highest common divisor of q and u.
6
Suppose 3*b - b - 22 = 0. Let l = 6566 - 6445. What is the highest common divisor of l and b?
11
Suppose 560 = 5*g + 4*x, 4*x - 303 = -3*g + 41. Let c = g - 96. Calculate the greatest common divisor of 30 and c.
6
Let i = -1735 - -2265. Calculate the highest common factor of i and 424.
106
Let c(w) = 31*w - 179. Let y be c(6). What is the highest common divisor of y and 301?
7
Suppose -3*h - 2 = 1, -3*a = -3*h - 27. Suppose 0 = 4*w - 2*w - 26. Let v be 0 + w + (-39)/(-13). Calculate the highest common divisor of v and a.
8
Let y = 1876 + -418. What is the highest common factor of 54 and y?
54
Suppose 0 = -4*f + 9 - 1. Suppose 2*o - f = o. Suppose -o*w - 2*u + 4 = 0, -15 = -4*w + u + 2*u. What is the highest common divisor of 33 and w?
3
Let j(v) = -v**3 - 4*v**2 - 6*v - 1. Let w be (-4 - 9/(-3))*5. Let k be j(w). Let i = 18 - 12. Calculate the highest common divisor of k and i.
6
Suppose 5*z - 6 = 2*o, 3*z - 1 - 4 = o. Suppose -6*y + 55 = o. Suppose -5*u - 81 = -y*u. Calculate the greatest common divisor of u and 216.
27
Suppose -42*f = -28*f - 70. Let v = 3 - -2. Calculate the greatest common factor of v and f.
5
Suppose -49 = -3*i - 0*i + 2*q, i = 2*q + 23. Let l = -14 + 22. Let r be l/20 - 1554/(-15). Calculate the greatest common divisor of r and i.
13
Suppose -5*l = -3*f - 10, -4*l - 2*f + 14 = -16. Suppose 3*q + 40 = l*q. What is the highest common divisor of 10 and q?
10
Let b = 41 + 86. Let m = b + -90. What is the greatest common factor of 259 and m?
37
Let n(r) = 4*r + 3. Let m be 4 - -3 - (-2)/2. Let t be m/(-16) - 22/(-4). Let u be n(t). What is the highest common divisor of u and 69?
23
Let r(c) = c - 1. Let z be r(8). Let a = -6085 - -6204. Calculate the greatest common divisor of z and a.
7
Let q be ((-128)/(-24))/((-1)/(-9)). Let h = 16 - 12. Let o be ((-480)/(-50))/(h/50). What is the greatest common factor of o and q?
24
Let d be ((-3)/(-1))/(9/33). Let c = 10 - d. Let g(y) = -186*y + 1. Let n be g(c). Calculate the greatest common divisor of n and 17.
17
Let a(h) = -h**3 - 7*h**2 - h - 4. Let k be a(-7). Suppose -3*w - 57 = -k*m, w = -w + 6. What is the highest common factor of 11 and m?
11
Suppose 33 = 3*t - 21. Let u(k) = 6*k - 40. Let g be u(t). Calculate the greatest common divisor of g and 17.
17
Let g = 243 + -242. Let j be 0/(-1 + -1) - -3. What is the greatest common factor of g and j?
1
Suppose 371*g + 14 = 372*g. Calculate the highest common factor of g and 175.
7
Let w be ((-62)/(-8) - 0) + 159/(-212). What is the greatest common divisor of 28 and w?
7
Let x(o) = -o**2 + 55*o - 87. Let w be x(53). Let z be (-1 - 7)/(0 + 1). Let l = z + w. What is the grea